20 - c**5/12 + c**4/24 + 2*c**3/3 + 3*c**2. Let o = -5 - -10. What are the prime factors of n(o)?
3
Let p = 4 - 4. Suppose 7*i - 5*i - 36 = p. What are the prime factors of i?
2, 3
Let l be (1 + -1 - 1)*-5. Let u be (-81)/(-1) + -2 + l. Suppose 3*r + 2*r - 4*h - 60 = 0, -u = -4*r - 4*h. List the prime factors of r.
2
Let z = -4 - -6. Suppose n = 5*h - 10, -19 = -z*n - h - 2*h. Suppose 0 = -n*g - 0*g + 15. What are the prime factors of g?
3
Let k = 4 + 2. List the prime factors of k.
2, 3
Let u(g) = -18*g + 2. Let m(b) = -6*b + 1. Suppose l = 5, -2*v + l - 13 = 8. Let h(k) = v*m(k) + 3*u(k). List the prime factors of h(-2).
2, 5
Let c = -38 - -14. Let w = 26 + c. List the prime factors of w.
2
Let p(k) = -5*k + 12. Let c(s) = -6*s + 13. Let f(x) = 3*c(x) - 4*p(x). List the prime factors of f(9).
3
What are the prime factors of 14 + -11 - 1*-41?
2, 11
Let b be (-1 + (-2)/(-14))*-7. Let h = -1 + b. Suppose -91 = -3*o - h*v, -10 = -4*v + 2*v. List the prime factors of o.
2, 11
Let i = 1 + -1. Let f(k) = -k**3 + k**2 + 19. Let q be f(i). Suppose 0 = 3*g - q - 8. List the prime factors of g.
3
Let d = 289 + -194. Suppose d - 3 = 4*g. What are the prime factors of g?
23
Let x be ((-90)/9)/((-1)/5). Suppose 13*i - 18*i = -x. List the prime factors of i.
2, 5
Let c(z) = -z**3 - 8*z**2 - 2*z + 1. Let r be c(-7). List the prime factors of (1/(-2))/(1/r).
17
Suppose -5 = -z + 3. Let r = 33 - z. List the prime factors of r.
5
Let d = -9 + 14. Suppose -q = z - 4, 20 = -q - 4*q + d*z. Suppose q = -4*k + 16. List the prime factors of k.
2
Let d = -61 + 27. Let j = 51 + d. Let x = j - 11. What are the prime factors of x?
2, 3
Let d be ((-2)/(-5))/((-4)/(-10)). Let i(m) = 15*m + 1. Let j be i(d). Suppose -3*x - 4*c + 46 = 0, 2*x + 2*c - 3*c - j = 0. What are the prime factors of x?
2, 5
Let a(k) = 0*k**2 + 0 - k**2 + 0 - 4*k - k**3. List the prime factors of a(-3).
2, 3, 5
Suppose 7*l - 2*l = -15, 5*l - 79 = -2*b. What are the prime factors of b?
47
Suppose 5*w + 2*g + 4 = -2, 0 = -g - 3. Suppose -2*s - 22 = 3*s + 3*i, w = -2*i + 2. Let p = s + 11. What are the prime factors of p?
2, 3
Let n(w) be the third derivative of w**4/24 + 2*w**3 + 4*w**2. Let s be (0 - -2)/((-8)/20). List the prime factors of n(s).
7
Suppose 3*w - 94 = o - 395, 5*w = 5. List the prime factors of o.
2, 19
Let r(x) = x**2 - 2*x - 5. Let w be r(7). Suppose 120 - w = 2*q. What are the prime factors of q?
3, 5
Let h = -3 - -6. Let b be 2*h + (2 - 2). Suppose 5*u - 16 + b = 0. List the prime factors of u.
2
List the prime factors of (-265)/(-15) + (-2)/(-6).
2, 3
Let j(q) = -q + 7. Let h be j(6). Let v = h - 3. List the prime factors of 16 - (-3 + (3 - v)).
2, 7
Let f be (-1)/(-2) + 25/10. Let b(z) = 5*z + 1. What are the prime factors of b(f)?
2
Let m = 140 + -68. What are the prime factors of m?
2, 3
List the prime factors of (50 - 0) + 0 + 1.
3, 17
Suppose 5*b - 15 = 2*b. Suppose 0 = -2*a - 2*l + 36, b*l - 4 - 34 = -a. List the prime factors of a.
13
Suppose t + 4*c = c + 3, 0 = 5*c. Let s(y) = 13*y**3 + y**2. Let h be s(1). Suppose -t*j + 13 = -h. What are the prime factors of j?
3
Suppose 0*h + 5*h - 462 = -2*z, 3*z = 3*h + 693. What are the prime factors of z?
3, 7, 11
Suppose -5*y - 60 = -0*y + 2*g, g = -5. Let l = 0 - y. List the prime factors of l.
2, 5
Let m(d) = -d**3 - 8*d**2 - 2*d + 3. Let l be m(-7). Let c = 68 + l. What are the prime factors of (-8)/c + 94/18?
5
Let t(r) = -r**2 + 10. Let d(v) = v**3 - 2*v - 3*v**2 + 7 + 11*v**2 + 10*v. Let j be d(-7). What are the prime factors of t(j)?
2, 5
Suppose 30 = -3*h + 3*s, 5*h - 2*h + 30 = -3*s. Let r = -5 - h. Suppose -r*k = 3*x - 38, 2*x = -4 - 4. What are the prime factors of k?
2, 5
Let v be -1*38/(-8)*4. Let h = -27 + v. Let m(x) = -x**3 - 9*x**2 - 9*x + 2. List the prime factors of m(h).
2, 5
Let y(j) = j**3 + 2*j - 3. Suppose 3*o = -3*s, -s = -5*o + 3*s - 18. Let u = o - -4. What are the prime factors of y(u)?
3
Suppose 3*b - 4*f - 137 + 41 = 0, -3*b = 2*f - 78. List the prime factors of b.
2, 7
Suppose 12 = -5*t - 3. Let w = 13 + t. What are the prime factors of w?
2, 5
Let w(s) be the third derivative of -s**4/12 - s**3/3 + s**2. Let g be (-5)/(1/(4 + -3)). List the prime factors of w(g).
2
Let c(r) = r**2 + r - 6. Let m be c(0). Let x = -4 - m. List the prime factors of x.
2
Let f = 643 + -456. What are the prime factors of f?
11, 17
List the prime factors of ((-18)/(-24))/((-6)/(-32)).
2
Let a = 18 - 6. What are the prime factors of a?
2, 3
Suppose 1 + 1 = d. Suppose -4*l + 2*l + 10 = 0, l = -d*g + 65. List the prime factors of g.
2, 3, 5
Let i = 2 - -1. Suppose -5*k - 10 - 4 = -i*n, -5*k - 2 = n. List the prime factors of n.
3
Let v(i) = -i**3 - 10*i**2 + 13*i + 5. List the prime factors of v(-12).
137
Let p be (-1 - 0)/(4/(-8)). What are the prime factors of 635/25 - p/5?
5
Let w be (-3)/6 - (-3)/(-2). What are the prime factors of ((-24)/(3/1))/w?
2
Let l = -44 + 81. What are the prime factors of l?
37
Let i be 1*6 + (-2)/1. Let n = 4 - i. Suppose 5*f - 27 - 28 = n. List the prime factors of f.
11
Suppose 2*j - 4 = -0*j. Let n = j + 11. List the prime factors of n.
13
Suppose 0 = 2*i - 2*w + 7*w - 21, 5*i = -5*w + 45. Suppose 0 = -f + 2*f - i. What are the prime factors of f?
2
Let u = 39 + -59. Let h = u - -28. List the prime factors of h.
2
Let n = 12 + -9. Suppose n*w + 2*f = 50, -3*w - 4*f + 23 = -29. What are the prime factors of w?
2
Let q(v) = v - 4. Let a be q(-6). Let r = -5 - a. List the prime factors of r.
5
List the prime factors of 215 - ((-9)/(-1))/(-3).
2, 109
Suppose -30 = -x + s, s + s - 4 = 0. Suppose 0 = 3*c - u + 6*u - x, 2*u = -3*c + 20. What are the prime factors of c?
2
Let q(j) = -j + 11. Suppose 3*r + 7 = 28. What are the prime factors of q(r)?
2
Let m(v) = -5*v**3 - v**2 + 1. Let o(p) = p**2 + p - 1. Let k be o(0). What are the prime factors of m(k)?
5
Suppose -34 = -s - 2*r, -2*s = -s - 5*r + 1. List the prime factors of s.
2, 3
What are the prime factors of 196 + (3 - 2) - (1 - 2)?
2, 3, 11
List the prime factors of -5 - -2 - 396/(-6).
3, 7
Let x(w) = -2*w + 5. Let y be x(7). Let m be y/(-6) - (-1)/2. Suppose -3*g + 55 = m*g. List the prime factors of g.
11
Suppose -120 = -4*j + 112. List the prime factors of j.
2, 29
Let n = 21 - 16. What are the prime factors of n?
5
Suppose 822 = -20*d + 23*d. List the prime factors of d.
2, 137
Suppose 3*k + 2 = -2*j, 2*j = 5*k + 7*j. What are the prime factors of (-1 - k) + -1 - -10?
2, 5
Let d be ((-6)/4)/(15/(-40)). Suppose -2*t = d*m - 4, -m + 2*m = -4*t - 13. Let y = m + 2. What are the prime factors of y?
5
Let g(z) = -z**3 + 13*z**2 - 6*z - 5. List the prime factors of g(12).
67
Let y(n) = -1. Let s(j) = j + 2. Let f(h) = -s(h) - 3*y(h). Suppose -2*m + 0 - 2 = 4*d, -4*d + 5*m - 37 = 0. What are the prime factors of f(d)?
2
Let r(o) be the third derivative of 1/60*o**5 + 1/2*o**3 - 1/8*o**4 - 4*o**2 + 0*o + 0. What are the prime factors of r(3)?
3
Let l be 5/2*(-24)/20. Let s(i) = 2*i**2 + 4. Let w(u) = 5*u**2 + 12. Let d(x) = 8*s(x) - 3*w(x). List the prime factors of d(l).
5
Let o(c) = c**3 - 12*c**2 - 19*c - 20. List the prime factors of o(14).
2, 53
Let k(a) = 4*a + 9. Let d(t) = t**3 + 3*t**2 + 2*t - 1. Let r be d(-3). Let u be k(r). Let w = u - -31. What are the prime factors of w?
2, 3
Suppose -v + 18 = v - 3*k, 4*v + 5*k - 58 = 0. Suppose 0*s = -3*s - 3*z, 3*z = -v. What are the prime factors of s?
2
Let r(g) = 4*g - 3. Suppose -2*p + 0*p + 10 = 0. Let t be r(p). Suppose -2*h = -b + 13, -30 = -3*b + 2*h + t. What are the prime factors of b?
17
Suppose 0 = -3*g - g + 300. List the prime factors of g.
3, 5
Suppose -3*t - 2*w + 8 = 3*w, -2*t - 3*w + 5 = 0. Suppose -2*i = -9 + t. What are the prime factors of i?
2
Suppose 4*k - 316 = -2*n, -839 = -5*n + 2*k + 11. List the prime factors of n.
2, 3, 7
What are the prime factors of 4*1 - (-5 + -5 + -192)?
2, 103
Suppose 0 = -2*h - 3*h - 3*d + 197, 4*h = -3*d + 157. Suppose -h = -6*p + p. List the prime factors of p.
2
Let y = -39 - -69. Suppose 0 = -2*p + 7*a - 2*a + y, -4*a = -4*p + 72. What are the prime factors of p?
2, 5
List the prime factors of (2 - -2) + (1 - 1).
2
Suppose -5*b - 5*u + 45 = 0, 3*b + 3*u + 29 = 4*b. Suppose 3*x - 2*x + 4*k - b = 0, -5*x - 5*k + 40 = 0. What are the prim